5. Let i be f(-1). What is the greatest common divisor of i and 780?
65
Let x be (-1)/(-2)*71/(2840/80). Calculate the highest common divisor of x and 1103.
1
Let q = 162 - 161. Let m(k) be the second derivative of k**4/12 + k**3/3 - 7*k**2/2 - 11*k. Let p be m(3). What is the highest common divisor of p and q?
1
Let r be (25 + (-1503)/99)*33. What is the highest common divisor of r and 288?
36
Let x be 4275/24 - 5/40. Let i = x + -115. What is the greatest common divisor of i and 14?
7
Let p(m) be the third derivative of m**4/12 - 7*m**3/3 + 11*m**2. Let g be p(11). Suppose -5*r + 102 = 22. Calculate the highest common factor of r and g.
8
Let l(s) = -181*s - 1792. Let v be l(-10). Calculate the greatest common factor of v and 6381.
9
Let k(g) = -g**2 + 3477*g - 27710. Let m be k(8). Let s = -118 - -272. What is the greatest common divisor of s and m?
14
Let m = 5764 + -2836. Calculate the greatest common divisor of 144 and m.
48
Let t be 6 + (-2)/3*(-9)/(-6). Let c be 0/(2/t - 16/(-10)). Suppose -2*y + 8 = -c*y. Calculate the greatest common factor of y and 2.
2
Let u(x) = -16*x + 642. Let q be u(38). Let l(j) = -195*j**3 + j**2 + 2*j - 2. Let a be l(1). Let y = a + 432. Calculate the highest common factor of y and q.
34
Let g = -563 - -628. Suppose -6560 = -g*o + 25*o. What is the highest common divisor of o and 8?
4
Let a be 32732/84 + (-7)/(-3). What is the highest common factor of a and 448?
56
Let r(a) = -4*a - 21. Let u be r(-6). Let z be -12*(u + 39/(-12)). Suppose -z*q + 420 = q. Calculate the greatest common factor of q and 42.
21
Let x be (12 + -3)/((-3)/(-5)). Suppose 0 = -x*o + 260 - 80. Calculate the greatest common divisor of 12 and o.
12
Suppose -2*c = -4*h + 1212, -191*h + 4*c - 330 = -192*h. Let x be 173 - 3/(-1) - -3. Suppose x = 5*k + 9. What is the greatest common factor of k and h?
34
Suppose i + 10 = -4*i, -3*l = -2*i - 745. Let y be 4278/230 - ((-6)/(-10) - 1). Calculate the highest common factor of l and y.
19
Let s(y) = 2*y**3 + 197*y**2 + 292*y + 195. Let g be s(-97). Calculate the greatest common factor of 336 and g.
14
Let f = -53912 - -53949. Let h be -1 - -296 - (-1 + 0). Calculate the greatest common divisor of f and h.
37
Let t be (-6)/(-2) - (12 + -11). Suppose -12*s = -567 - 909. Suppose 113*y + 10 = s*y. Calculate the highest common factor of t and y.
1
Suppose -9*s - 9*s = -7794. Suppose -431*l = -s*l + 246. What is the greatest common factor of l and 164?
41
Let x = -363 - -379. Let g be (-1740)/x*(-28)/21. What is the highest common divisor of g and 29?
29
Let b(k) = 8*k**2 - 113*k + 55. Let g be b(15). Calculate the highest common factor of g and 1584.
16
Let p(o) = o + 24. Suppose -2*b = -2*z - 6, -b - z + 3 = -4. Suppose -y - 3 = b. Let v be p(y). What is the greatest common divisor of 32 and v?
16
Let w(y) = 2*y**2 - 4*y + 14. Let c = -170 + 174. Let r be w(c). Calculate the highest common divisor of r and 110.
10
Let w = -10316 - -12674. What is the greatest common factor of 3406 and w?
262
Let w be -2*25/((-75)/432). Suppose -8*t + 0 = -32. Suppose -8 = -t*d - 3*o + 117, 2*d + 2*o = 62. What is the greatest common factor of d and w?
32
Let g(i) = i**3 + 14*i**2 - 36*i - 11. Let j be g(-16). Let n = -106 - -66. Let r = n + j. What is the greatest common divisor of 143 and r?
13
Let g be -1 + 12/((-12)/(-3)). Let c be -46 - (g/(-3))/((-6)/18). Let s = -32 - c. Calculate the greatest common divisor of 176 and s.
16
Suppose i - 89 = -18*v + 16*v, 5*i = 3*v - 127. What is the greatest common divisor of v and 726?
22
Suppose -4*l = 3*d - 38301, 2*d + 38326 = 75*l - 71*l. What is the highest common divisor of l and 93?
93
Suppose -4*t + 83 = 2*b + 15, 2*t = -4*b + 88. Calculate the greatest common factor of b and 4059.
9
Let l = -57 + 113. Suppose -12*w + 904 + l = 0. Calculate the highest common factor of 40 and w.
40
Let n = 5 + 11. Let v = n - 8. Suppose v + 5 = 3*g + 5*s, 4*g = 2*s. Calculate the highest common factor of 4 and g.
1
Let z = -644 + 644. Suppose z = 4*q - 6*q + 556. Calculate the highest common divisor of q and 2.
2
Let i be 18924/20 - 4/20. Suppose 29*c + 14*c - i = 0. Let q = -28 - -39. What is the highest common factor of q and c?
11
Let p = 701 - 699. Suppose -5*g - 3*z = 190 - 348, -3*z + 65 = p*g. Let i(w) = 15*w + 1. Let u be i(2). What is the highest common factor of u and g?
31
Let n = -251 - -256. Suppose 0 = 4*x - n*g - 331, 8*x = 4*x + 4*g + 332. What is the highest common divisor of x and 140?
28
Let j be 6/(-33) + (-192)/33. Let x(i) = -i**3 - 4*i**2 + 11*i + 24. Let z be x(j). What is the highest common divisor of z and 5?
5
Suppose 0 = 224*a + 97*a - 285048. What is the greatest common factor of 96 and a?
24
Let w(m) = m**2 - 123. Suppose 67*c - 20*c - 564 = 0. Let n be w(c). Calculate the greatest common factor of n and 3.
3
Let p(z) = -5*z**2 + 110*z + 7. Let j be p(22). What is the highest common divisor of 26229 and j?
7
Let t be (-1)/3 + 1 + -6 + (-151648)/(-21). Calculate the greatest common divisor of 33 and t.
11
Let f = 16097 + -15773. Calculate the greatest common divisor of 612 and f.
36
Let r(p) = -26*p - 357. Let w be r(-14). Suppose -18*g = -w*g - 572. Suppose 2*l = -0*l + 416. What is the highest common divisor of l and g?
52
Let m be 7/(7/(-15))*66/9. Let r = m + 125. Suppose -r = -f + u, -64 = -4*f + u + 2*u. Calculate the greatest common divisor of f and 171.
19
Suppose -6*d + 10*d - 37747 = -5*p, 0 = 5*p - 2*d - 37759. Calculate the greatest common factor of 9 and p.
9
Let l be (-388524)/(-15) + (5 - (-1)/((-40)/184)). What is the highest common divisor of 9 and l?
9
Suppose 20 = -5*j, -5*j + 1 = 5*s + 6. Suppose -x + 5 = 0, s*x - 90 = -2*o + 5. Let q = o - 34. What is the highest common divisor of q and 42?
6
Let g = 6960 - 5948. Calculate the highest common factor of g and 115.
23
Let m(i) = -1. Let c(b) = 2*b - 28. Let z(y) = -2*c(y) + 18*m(y). Let v be z(4). Calculate the greatest common divisor of 154 and v.
22
Let m = 179 - 181. Let u(h) = -35*h - 31. Let z be u(m). Calculate the highest common factor of 3 and z.
3
Let k be (-2)/(-3)*189/42. Suppose k*x - 4*q - 58 = 0, -10 = -5*x - 2*q + 52. Calculate the highest common divisor of x and 182.
14
Let p = 4948 + -3323. Suppose 45*n - 2020 = p. Suppose 3*k = 25 + 56. What is the greatest common divisor of n and k?
27
Suppose -9*y = -6*y - 3*b - 2706, -3*y = b - 2686. What is the highest common divisor of y and 156?
39
Let q be 17*(0/5 - -1)*-1. Let u(g) = g**3 + 16*g**2 - 29*g - 195. Let f be u(q). What is the greatest common factor of 81 and f?
9
Suppose -o + 63 + 5 = 0. Suppose 20*k = 21*k - 238. What is the highest common factor of o and k?
34
Let i(m) = -m**3 + 5*m**2 + 3*m. Let o be i(5). Let h(l) = 3*l**3 + 99*l**2 + 25. Let y be h(-33). What is the greatest common divisor of y and o?
5
Suppose 223*m + 11*m - 961038 = 0. What is the greatest common factor of m and 185?
37
Let z(q) = 8*q**2 - q**3 - 11*q + 8 + 7*q**2 + 8 - 3*q. Let s be (-128)/(-9) - 4/18. Let x be z(s). Calculate the highest common factor of x and 32.
16
Suppose 2*d - 25 = 7. Suppose 10*z = 14*z + d. Let w be (15/z)/((-1)/56). Calculate the highest common divisor of w and 30.
30
Suppose -115*j + 1848 = 123. Calculate the greatest common divisor of j and 1185.
15
Let p = -3618 + 3641. Calculate the greatest common factor of p and 1403.
23
Let q = 167 - 62. Suppose -2*c - 127 = -5*h, 6*h + 2*c = 5*h + 35. Let k = q + h. What is the greatest common divisor of 33 and k?
33
Suppose 8*l = 3*l + 90. Suppose -310 = -4*a + 5*t, 4*a - 338 - 32 = -t. What is the greatest common divisor of a and l?
18
Let u be -1 + (-2)/(-14)*7. Suppose u = 31*y - 22*y - 594. Calculate the greatest common divisor of y and 154.
22
Let j = -11755 - -11784. What is the highest common divisor of j and 1711?
29
Let r(z) be the second derivative of 7*z**3/6 + 2*z**2 - 325*z + 3. Suppose -m - 12 = -2*m. Let a be r(m). What is the greatest common factor of a and 11?
11
Suppose -18219 = -3*w + 2*n, 5226 + 25177 = 5*w + 3*n. Calculate the greatest common factor of 206 and w.
103
Suppose -810*j + 892*j = 926846. Calculate the greatest common factor of 127 and j.
127
Let s = -233 + 309. Let k be 407 - (s/(-57))/(4/(-6)). What is the greatest common factor of 15 an